/2)/(1/3). Suppose -i = s*i. What is the units digit of k(i)?
4
Let p = -19 - -61. What is the units digit of p?
2
Suppose 2*a + 2*x = 228, 2*a + 326 = 5*a - x. What is the units digit of a?
0
Let t(n) = -7*n**2 - 9*n - 4. Let q(a) = 6*a**2 + 8*a + 3. Let x(s) = 5*q(s) + 4*t(s). Let i be x(-3). What is the units digit of (-4)/(-4) + i*1?
6
What is the tens digit of (19/2)/(2/8)?
3
Suppose 3*z - 4*z = -11. Suppose 5*p - 3*r - z - 2 = 0, -4*p + 5*r + 13 = 0. Suppose -d + 45 = p*d. What is the tens digit of d?
1
What is the hundreds digit of (7 + 2 + -5)*(-67)/(-2)?
1
Let d = -32 - -29. Let x be 43 - (0 - (-1)/1). What is the units digit of ((-6)/7)/(d/x)?
2
Let r = 64 - 46. Let f be 2/(-5) + (-2)/(-5). Suppose -2*d + 4*d - r = f. What is the units digit of d?
9
Suppose -3*x + 2*x + j + 1 = 0, -j = 5*x + 7. Let m be (-3)/(-1 + 1 + x). Suppose r - m*d + 6 = -0*d, 2*d - 28 = -2*r. What is the units digit of r?
9
What is the units digit of 956/12*(-2 + 5)?
9
Let f = -1 + 5. Suppose 3*n - 15 = -3*t, 2*t - f = -5*n + 6. Suppose 0 = 5*a - 12 - 3, -2*l + t*a - 11 = 0. What is the units digit of l?
2
Let r(b) = -2*b + 3*b**3 - 3*b**3 + b**2 - b**3 + 1. Let p be r(1). Let y = p + 18. What is the tens digit of y?
1
Let c be 6/5*5/2. Suppose c*k = -16 + 73. What is the tens digit of k?
1
Suppose 0 = -3*g + 34 + 8. Let r = g + -8. What is the units digit of r?
6
Suppose 38 + 7 = 5*d. What is the units digit of d?
9
Suppose 7*l + 18 = 4*l. Let w = l - -12. What is the units digit of w?
6
Let j be (-130)/(-35) + 2/7. Suppose -j*h - 230 = -4*y - 90, -5*h - 115 = -3*y. What is the tens digit of y?
3
What is the units digit of ((-42)/9)/((-6)/171 - 0)?
3
Let n = 1 - 24. Suppose 0 = -0*w + 2*w - 70. Let o = n + w. What is the tens digit of o?
1
Let p = 285 + -97. What is the units digit of p?
8
Suppose -2*h + h = -2. Suppose -h*w - 120 = -5*w. Suppose -w = -4*y - y. What is the units digit of y?
8
Suppose -2*h + f = -14, -h - 3 = -4*h - 3*f. Suppose -h*z - 18 = -8*z. Let a = z - 1. What is the units digit of a?
5
Suppose 2*w = 2*x - 32, 3*x - 48 = -5*w + 32. What is the units digit of 48/20*x/6?
8
Let t(w) = -w + 8. Let r be t(9). Let g be (-3)/r + -2 + 1. Suppose n + 2 = -2*i, 18 = -4*i - g. What is the units digit of n?
8
Let o(v) = -5*v**3 - v - 10. What is the tens digit of o(-3)?
2
Let d = -15 + 11. Let n = -4 - d. Suppose 3*x + 6 = -5*y - 7, n = -5*y - 25. What is the units digit of x?
4
Let c(o) = -o**2 + 9*o - 9. Let z(j) = -j**2 + 8*j - 5. Let u be z(6). Let a be c(u). Suppose 0 = -2*h + a + 9. What is the units digit of h?
7
Suppose 0 = -0*a + 4*a - 1276. What is the hundreds digit of a?
3
Let s(y) = -y**2 - 3*y + 1. Let o be s(-4). What is the units digit of ((-2)/6)/(o/18)?
2
Let w(f) = f**2 + 2*f - 3. What is the units digit of w(7)?
0
Let h = 4 - 1. Suppose 0 = h*u - 2*u + 2. Let i = 6 - u. What is the units digit of i?
8
Suppose 2*o - 328 = -4*f, -5*f - 850 = -9*o + 4*o. What is the tens digit of o?
6
Suppose 27 = -2*z + 241. What is the units digit of z?
7
Suppose -u + 2*u = -3. Suppose -5*r + 20 = 5*y, 3*r = 4*y + y + 20. Let o = r + u. What is the units digit of o?
2
Suppose 2*a + 2*a = 3*n - 85, a = -2*n + 53. What is the units digit of n?
7
Let l = 67 + -22. Suppose -2*j - l = -5*j. What is the units digit of j?
5
Let m = 11 - 17. Let l(h) = h**2 - 7. Let c be l(m). Suppose 11 = -5*f + 3*g + 78, -3*f + c = g. What is the units digit of f?
1
Let d(a) = -2*a + 12. What is the tens digit of d(0)?
1
Suppose -2*l + 15 = l. Suppose l*c - 21 = 4*v, 0*v - 29 = -4*v - 5*c. Let t = v + 3. What is the units digit of t?
4
Suppose 4*f + 40 = -z, 3*z + 150 = f + 2*f. Let h = z - -103. Suppose -5*n = -0*n - h. What is the units digit of n?
1
Suppose 0*c - 9 = -3*c. Suppose 0*s = -c*s + 6. What is the units digit of s?
2
What is the units digit of 25 + 1 + (-6 - -6)?
6
Suppose -10 = -5*b + 2*z, -10 = b + 3*z + 5. Let j(h) = 2 + 2 - h**2 + 0. What is the units digit of j(b)?
4
Suppose 0 = -4*q - 5*h - 2, 0 = 8*h - 3*h + 10. Suppose q*v - 139 = 5*k - 56, 3*v - 120 = 3*k. What is the units digit of v?
9
Let h(v) = v - 5. Let x be h(8). Suppose -32 = -4*k - 3*y, -k + 0 = -y - 1. Suppose -3*w - k*t - 8 = -6*w, 2 = x*w + t. What is the units digit of w?
1
Let t be 6/4 + 30/(-4). What is the units digit of t + 3 - (-6)/1?
3
Let y(j) = -j**3 + 3*j**2 + 4*j + 3. Let s be y(4). Let v = 11 - s. What is the units digit of v?
8
Let j = 90 + -52. What is the units digit of j?
8
Suppose l = 3*l - 184. What is the units digit of l?
2
What is the tens digit of 61 + -4 + 2 - 2?
5
Suppose 4*p = 20, 2*i = 2*p + 9 + 47. Let s = i + -18. What is the tens digit of s?
1
Let h be (-2)/(-7) - (-561)/21. Let p = -16 + h. Let v = p - 5. What is the units digit of v?
6
Let l = -15 - -16. Let g(n) = 32*n**3 + n**2 - n. What is the tens digit of g(l)?
3
Suppose 9*j - 4*j = 300. Suppose 43 = 3*n - 0*p - p, 4*n - 2*p - j = 0. Let c = n + -8. What is the units digit of c?
5
Suppose 8 = -3*f + 23. Suppose 0 = j + d - 14, 5*j = -f*d + d + 71. What is the units digit of j?
5
Let l = 2 + -2. Let u = l + 0. Let p(y) = y**2 - y + 8. What is the units digit of p(u)?
8
What is the tens digit of (-256)/20*5/(-2)?
3
Let z = 23 + -1. What is the units digit of z - (2 + 6)/4?
0
Let x(p) = 6*p**2 + 2*p - 2. Let h(o) = o**3 - 10*o**2 + 10*o - 1. Let y be h(9). Let s be (-3)/1 + (y - 7). What is the units digit of x(s)?
8
Let i(y) be the third derivative of y**4/24 - 7*y**3/6 + 4*y**2. Let m be (-4)/6*99/(-6). What is the units digit of i(m)?
4
Suppose 6*m - 3 = 9*m. Let h(b) be the second derivative of b**5/20 + b**4/12 - b**3/6 - b. What is the units digit of h(m)?
1
Let y(n) = n + 1. Let w = -8 - -6. Let h be (-1)/(-3) - w/3. What is the units digit of y(h)?
2
Suppose -2*d - s - 2 = -3*d, -2*d + 2 = -s. Suppose d = 3*k + 2*k - 30. Suppose 2*w - 4*w = -k. What is the units digit of w?
3
Suppose 1 - 9 = -2*h. Suppose w - h*n - 27 = -4, -2*n + 11 = w. What is the units digit of w?
5
Let x = 5 - 6. What is the tens digit of ((-3)/9)/(x/93)?
3
Suppose -5*q + 15 - 5 = 0. Suppose 0*s - 36 = -q*s. What is the units digit of s?
8
Suppose -747 = -4*k + 657. What is the units digit of k?
1
Let k = 16 - 27. What is the units digit of 2*k*(-2)/4?
1
Suppose 4*s - 1 = -y + 15, -5*s = -y - 29. What is the units digit of 29/s + (-1)/(-5)?
6
Suppose -5*i - 25 = 0, y + 4*i + 26 = -8. Let m be (2 + y/6)*-12. Suppose -c - 21 = -3*h - 0*c, -m*h - c = -35. What is the units digit of h?
8
Suppose -5*y + 4*t - t = -9, 15 = -5*y - 5*t. Suppose -4*v + 190 + 10 = y. Suppose 0 = -2*z - 10, -3*z + z - v = -4*w. What is the units digit of w?
0
Suppose 3*y + 2 - 38 = 0. What is the tens digit of y?
1
Let g be -24 + 1 + -2 + 1. Let o = -6 - g. Let w = o + -11. What is the units digit of w?
7
Suppose -2*x + m + 198 = 0, -x + 54 = -3*m - 55. What is the units digit of x?
7
Suppose -2*m = -2*f - 8, 2*m + 2*f + 4 = 3*m. Let i = 10 - m. What is the units digit of i?
6
Suppose -3*q = -0*q. Let y(t) be the first derivative of -t**4/4 - t**3/3 - t**2/2 + 8*t - 1. What is the units digit of y(q)?
8
Let n(s) = s**3 + 10*s**2 + 5*s + 16. What is the units digit of n(-7)?
8
What is the tens digit of (3/(-1))/((-24)/88)?
1
Suppose -r - 2*r + 48 = 0. Let d = r + -11. What is the units digit of d?
5
What is the tens digit of (22/(-6))/(6/(-54))?
3
Suppose -3 = -y + 10. Suppose -b = -5*m + 35, -b + y = m + 2*m. What is the tens digit of (-72)/(-7) + m/(-21)?
1
Let z(i) = -i. Let d be z(5). What is the units digit of d/((-10)/(-4)) + 6?
4
Let s be 276/(-18) + (-2)/(-6). Let v = 17 + s. What is the units digit of v?
2
Suppose 0 = 4*j + 3*i - 469, -2*i = -j + 20 + 89. What is the tens digit of j?
1
Suppose 3*z - 1110 = -4*d - 126, 964 = 4*d - 2*z. What is the hundreds digit of d?
2
Let p = -20 + 81. What is the tens digit of p?
6
What is the units digit of (-1)/(-5)*343 + (-30)/50?
8
Let d = -3 - -4. Let u be d*-2*(-75)/6. Suppose 5*y - u = 10. What is the units digit of y?
7
Let d = -264 + 80. What is the units digit of d/20*(-5)/2?
3
Let g be (-4)/(-6) + 49/21. Let s = 0 + g. Suppose 0*d - d - s*m = -18, -4*d - 5*m = -51. What is the units digit of d?
9
Let m(z) be the third derivative of 3*z**6/40 - z**5/60 - z**4/24 + z**3/6 - z**2. Suppose v = 6*